010010 (base 2) in base 11?
-1609
Convert 10100011001 (base 2) to base 10.
1305
20321 (base 4) to base 15
27e
Convert 14340 (base 8) to base 11.
486a
What is -104da (base 15) in base 5?
-3123410
Convert -1b287 (base 12) to base 3.
-2001001111
Convert 62 (base 14) to base 2.
1010110
114110 (base 7) to base 4
11002130
What is -1111010101 (base 2) in base 5?
-12411
Convert 1c1e (base 16) to base 13.
3379
Convert -361 (base 12) to base 11.
-41a
23213021 (base 4) to base 6
1004105
2150 (base 14) to base 16
167a
104 (base 9) to base 13
67
-22144 (base 5) to base 4
-120031
Convert 2311 (base 7) to base 6.
3521
What is 3261 (base 9) in base 15?
aa4
21333 (base 5) to base 4
112330
-1224043 (base 5) to base 2
-101110001100000
-3d9 (base 15) to base 16
-36f
Convert -13254 (base 6) to base 11.
-15a4
-664 (base 9) to base 11
-455
21111211 (base 3) to base 10
5476
163a (base 11) to base 4
200310
Convert 11163 (base 9) to base 15.
2303
646 (base 8) to base 16
1a6
-42d (base 16) to base 12
-751
What is -4330 (base 5) in base 4?
-21032
Convert -124 (base 12) to base 5.
-1142
1a1 (base 16) to base 8
641
What is 62 (base 13) in base 5?
310
What is 121226 (base 9) in base 15?
169c6
-7782 (base 10) to base 12
-4606
1151 (base 7) to base 5
3203
Convert -72877 (base 9) to base 11.
-33160
-35500 (base 7) to base 12
-5377
Convert -1121220 (base 5) to base 6.
-233241
Convert 24433 (base 5) to base 3.
2120012
Convert -3fd (base 16) to base 12.
-711
-49 (base 13) to base 10
-61
-4610 (base 10) to base 3
-20022202
-1756 (base 11) to base 7
-6346
What is 3748 (base 9) in base 10?
2798
What is -165f (base 16) in base 3?
-21212010
What is -11101011 (base 2) in base 10?
-235
7245 (base 12) to base 11
9387
Convert 8ca (base 13) to base 6.
11010
Convert 10111000 (base 2) to base 15.
c4
Convert 47ba (base 14) to base 2.
11000011100000
Convert 15505 (base 8) to base 4.
1231011
What is 100222021 (base 3) in base 10?
7270
What is 2430 (base 7) in base 14?
487
622 (base 7) to base 8
466
-8817 (base 9) to base 8
-14540
-4145 (base 7) to base 5
-21304
What is 101313 (base 5) in base 3?
11120110
What is -1033 (base 6) in base 14?
-12d
What is 1017 (base 9) in base 11?
618
Convert 541200 (base 6) to base 2.
1010110101000000
What is -13376 (base 9) in base 10?
-9060
Convert -48f7 (base 16) to base 5.
-1044204
What is -231 (base 14) in base 2?
-110110011
Convert 1011110101110111 (base 2) to base 10.
48503
What is 12 (base 3) in base 11?
5
What is -532 (base 13) in base 4?
-31312
9421 (base 14) to base 6
314033
Convert -2005 (base 10) to base 5.
-31010
What is -43cd (base 14) in base 15?
-3730
What is 222221 (base 3) in base 8?
1327
Convert 360 (base 14) to base 8.
1240
3140 (base 14) to base 4
2010210
-1030 (base 14) to base 9
-3735
Convert -2736 (base 8) to base 5.
-22002
Convert -1280 (base 13) to base 11.
-1a8a
-10001100 (base 2) to base 4
-2030
Convert 6a45 (base 12) to base 7.
46403
Convert -1322231 (base 5) to base 3.
-1100102221
110100100110001 (base 2) to base 10
26929
What is -1301 (base 11) in base 7?
-4641
What is -13a (base 11) in base 7?
-323
Convert -10101111 (base 2) to base 11.
-14a
Convert 54c (base 14) to base 10.
1048
What is 11122112 (base 3) in base 10?
3389
Convert -7124 (base 8) to base 3.
-12000212
-374 (base 11) to base 14
-23a
What is 101123 (base 5) in base 6?
23120
What is 513 (base 7) in base 2?
11111111
Convert -42a (base 11) to base 16.
-204
What is 212333 (base 4) in base 9?
3372
What is a24e (base 15) in base 7?
201632
-1010110010110010 (base 2) to base 7
-242615
What is 110100000 (base 2) in base 13?
260
Convert -245 (base 11) to base 3.
-101210
Convert -3305 (base 9) to base 3.
-10100012
2243 (base 12) to base 4
323103
Convert 122243 (base 5) to base 7.
16461
Convert 14252 (base 9) to base 14.
375c
-412 (base 11) to base 12
-355
-135624 (base 7) to base 14
-96bb
23030 (base 4) to base 16
2cc
What is 11300 (base 4) in base 12?
268
Convert 102012200 (base 3) to base 15.
264c
What is -4e2a (base 15) in base 5?
-1013230
859 (base 14) to base 4
121233
Convert -25049 (base 10) to base 4.
-12013121
Convert 13534 (base 7) to base 6.
25044
1001000101110110 (base 2) to base 16
9176
Convert 8b69 (base 13) to base 8.
46102
What is 10022002200 (base 3) in base 7?
360240
-10a3 (base 12) to base 2
-11100111011
-212221121 (base 3) to base 4
-10100302
-100000011011 (base 2) to base 4
-200123
What is 3012103 (base 4) in base 13?
5a13
-21203 (base 5) to base 13
-85b
Convert -13868 (base 10) to base 11.
-a468
Convert -1414 (base 6) to base 16.
-172
What is 328 (base 12) in base 13?
299
What is 65 (base 15) in base 16?
5f
Convert 136 (base 16) to base 4.
10312
What is -13011133 (base 4) in base 8?
-70537
65368 (base 10) to base 9
108601
What is 12124 (base 6) in base 10?
1780
Convert -52 (base 10) to base 3.
-1221
What is -365 (base 15) in base 5?
-11040
What is 604 (base 9) in base 12?
34a
What is -15010 (base 8) in base 6?
-50504
Convert -381 (base 16) to base 7.
-2421
2121010 (base 3) to base 5
30033
Convert 9918 (base 13) to base 8.
51503
24531 (base 6) to base 5
104110
What is b56 (base 14) in base 11?
174a
-2122002122 (base 3) to base 13
-1a78c
What is 232 (base 4) in base 6?
114
Convert -3a179 (base 11) to base 16.
-e060
What is -1300 (base 8) in base 10?
-704
131 (base 14) to base 7
461
Convert -65174 (base 8) to base 2.
-110101001111100
What is 210212 (base 3) in base 15?
295
-348 (base 11) to base 8
-637
-5303 (base 6) to base 7
-3321
1110022101 (base 3) to base 4
12333301
5114 (base 13) to base 11
8436
-4912 (base 11) to base 8
-14432
Convert -10010111101010 (base 2) to base 15.
-2d21
15162 (base 7) to base 15
13a9
Convert -1102121 (base 4) to base 8.
-12231
-75216 (base 9) to base 2
-1100001001010101
Convert 1453 (base 6) to base 14.
201
What is 28271 (base 9) in base 3?
222022101
-2744 (base 13) to base 10
-5633
Convert -8879 (base 10) to base 3.
-110011212
What is -20329 (base 10) in base 6?
-234041
What is -4241 (base 8) in base 13?
-100c
What is -1112231 (base 4) in base 6?
-41405
Convert -2195 (base 10) to base 5.
-32240
What is 9b5 (base 12) in base 9?
1862
What is -17245 (base 10) in base 6?
-211501
Convert -10303 (base 5) to base 4.
-22333
-1340 (base 6) to base 2
-101011100
10667 (base 9) to base 7
26503
73c8 (base 15) to base 4
11332220
What is 1a1 (base 12) in base 9?
324
25820 (base 10) to base 4
12103130
56d1 (base 14) to base 5
440304
What is 56110 (base 9) in base 7?
213441
-10011100000010 (base 2) to base 4
-2130002
3752 (base 8) to base 3
2210001
-b47 (base 15) to base 12
-157a
What is 4776 (base 11) in base 15?
1cbe
What is -3251 (base 6) in base 2?
-1011101111
What is 212011 (base 3) in base 12?
441
What is 438 (base 13) in base 6?
3203
-1510 (base 12) to base 4
-212130
What is 66f (base 16) in base 8?
3157
Convert -729 (base 12) to base 11.
-867
What is 231002 (base 7) in base 10?
41162
What is 293 (base 11) in base 4?
11120
524 (base 15) to base 13
6b2
Convert 12453 (base 7) to base 15.
eb6
Convert -1385 (base 10) to base 4.
-111221
What is 2012201 (base 3) in base 10?
1612
What is 1232 (base 9) in base 11?
767
Convert 30f (base 16) to base 3.
1002000
280 (base 12) to base 8
600
-2338 (base 14) to base 15
-1c36
What is -2401 (base 6) in base 5?
-4302
1367 (base 14) to base 15
1033
-141c (base 13) to base 8
-5522
What is 2b1c (base 16) in base 14?
4044
51b (base 14) to base 6
4353
What is b2 (base 12) in base 2?
10000110
What is 63546 (base 8) in base 13?
c082
-3389 (base 12) to base 5
-140341
Convert -220222010 (base 3) to base 15.
-55d6
What is -e22 (base 16) in base 9?
-4860
What is -47 (base 14) in base 10?
-63
Convert -11110101 (base 3) to base 2.
-110010110010
1100100000011 (base 2) to base 15
1d6d
What is 6704 (base 9) in base 7?
20263
What is 3421 (base 6) in base 10?
805
Convert 819 (base 15) to base 14.
944
What is -1644 (base 14) in base 4?
-332030
Convert b80 (base 16) to base 13.
1456
28753 (base 12) to base 4
31300233
Convert -122 (base 10) to base 4.
-1322
Convert -1433 (base 10) to base 6.
-10345
What is -211001 (base 3) in base 4?
-21103
-612 (base 7) to base 5
-2203
Convert -b8b7 (base 16) to base 4.
-23202313
55022 (base 7) to base 8
32650
2782 (base 11) to base 12
20bb
Convert 21a (base 16) to base 6.
2254
What is -111